 g be 6/3 + 0 + 2. Suppose 2*f + 3*b + 8 = f, -28 = -g*f + 3*b. Suppose -a = -f*u - 8 - 4, 4*u - 12 = -5*a. What are the prime factors of a?
2
Let k(m) = -2*m - 7. Let j be k(-7). Let y be (-2)/(-6)*(j - -2). Suppose 2*v - y*f + 11 = 26, 3*v - 2*f = 25. List the prime factors of v.
3
List the prime factors of -1*(-237)/(1 - -2).
79
Suppose 7*x = 2*x - 3*p, p = 4*x. Suppose -z + 6*z - 70 = x. List the prime factors of z.
2, 7
Suppose -2*v - 2*w + 42 = 0, 0*v - 47 = -2*v + 3*w. List the prime factors of v.
2, 11
List the prime factors of (-1)/((-4)/(-106))*-1*2.
53
Suppose 64 + 320 = 4*j. What are the prime factors of j?
2, 3
Suppose -5*n = -4*t + 76 + 21, -4*n = 4*t - 88. What are the prime factors of t?
23
Let h(c) = c**3 - 5*c**2 - 6*c - 1. Let y be h(6). Let r = 5 - y. Suppose -j - j = -r. What are the prime factors of j?
3
Suppose -25 = m + 3*v, 0 = 3*v - 2*v. Let k = m + 35. What are the prime factors of k?
2, 5
Let j(z) = 3*z - 18. What are the prime factors of j(9)?
3
Let m(x) be the first derivative of -x**4/12 - 7*x**3/6 + 2*x - 1. Let u(q) be the first derivative of m(q). List the prime factors of u(-3).
2, 3
Let u = 191 - 59. What are the prime factors of u?
2, 3, 11
Let h(n) = 3*n - 1. Let s be h(5). Suppose 4*f - 14 = s. What are the prime factors of f?
7
Suppose 0 = -5*p + i - 85, 0 = 5*i - 2*i + 15. List the prime factors of (-28)/6*p/4.
3, 7
Suppose 2*a = -0*a. Suppose -5 = -a*f - f. Suppose 0*g + f*g - 35 = 0. What are the prime factors of g?
7
Suppose 3*p = 2*p - 3. Let h be -3*p/(9/4). Suppose -z = h*w - 6*z - 51, 5*z = -w - 6. List the prime factors of w.
3
Let x = -12 + 19. What are the prime factors of x?
7
Let j = -12 + 2. Suppose 5*k - w = -25, 45 = -0*k - 5*k - 3*w. Let d = k - j. List the prime factors of d.
2
Let x(z) = z**2 - 8*z + 9. Let v = -9 + 16. Let s be x(v). Suppose -s*c = -5*y + 9, 2*y - c = -4*c + 15. What are the prime factors of y?
3
Let o(z) = 1 - z - z + 2 + 0. List the prime factors of o(-4).
11
Let v(i) = i + 3. Let j be v(0). Suppose j*o + 31 = 8*o - 2*l, -16 = -5*o - 3*l. Suppose -16 - 34 = -o*u. List the prime factors of u.
2, 5
Suppose 5 = 5*d - 0. Let g(y) = 2*y - 11*y**2 - y + 12*y**2. What are the prime factors of g(d)?
2
List the prime factors of (-8)/(-20)*5 + 7*19.
3, 5
List the prime factors of 4 - (2/(-6))/((-5)/(-465)).
5, 7
Suppose -4*j = 125 - 401. Let g = j + -27. List the prime factors of g.
2, 3, 7
Suppose 0*h = -3*d + 5*h + 281, 5*d - 462 = 2*h. Suppose -3*t + d = 4*x, 3*t - 6*x = -x + 101. What are the prime factors of t?
2
Suppose 0 = -0*v - 3*v - 6, 2*v + 8 = 2*y. Suppose y = z - 3. Let r(p) = p + 1. What are the prime factors of r(z)?
2, 3
Let n = 2 + -2. Suppose -2*c + 7*c - 80 = n. List the prime factors of c.
2
Suppose 0*q - 3*x = 3*q - 123, -4*x - 12 = 0. List the prime factors of q.
2, 11
Suppose -5 + 20 = 3*v. Suppose -2*y = -5*x + 4, -3*x + 7*x + v*y = 23. Suppose -22 = -0*j - x*j + 2*u, -j + 4*u + 14 = 0. What are the prime factors of j?
2, 5
Let r(q) = -43*q + 5. Let y(h) = -64*h + 8. Let i(c) = -8*r(c) + 5*y(c). List the prime factors of i(1).
2, 3
Let x = 84 - 54. Suppose 5*d - 55 - x = 0. List the prime factors of d.
17
Suppose -4*r = 5*y - 52, 4*r - 11 = -4*y + 33. Suppose -y = -2*d + 2. What are the prime factors of d?
5
Let d be (-3)/(1 - 1 - 1). Let n be 1/(6/10)*d. Suppose -n*s = 5*c - 62 - 28, s - 5*c + 12 = 0. What are the prime factors of s?
13
Let g(f) = f**3 + 7*f**2 + 7*f + 2. Let a be g(-6). List the prime factors of (0 - -4)/(-2 - a).
2
Suppose -3*g - c - 77 = -390, -2*g + 206 = -2*c. What are the prime factors of g?
2, 13
What are the prime factors of -54*(-1 - ((-1)/3 + 0))?
2, 3
Let g = 17 + -12. Suppose -g*a = -15 + 5. List the prime factors of a.
2
Let m = 7 - 5. Suppose 3*o + r = 5*o - m, 2*o + 5*r = 14. What are the prime factors of o?
2
Let j(v) be the second derivative of v**3/3 - v**2/2 + 4*v. What are the prime factors of j(3)?
5
Let s(v) = 4*v + 194. What are the prime factors of s(0)?
2, 97
Suppose -617 = -7*j + 895. What are the prime factors of j?
2, 3
Let t(f) = -f**2 + 4*f**2 + 5 + 48*f - f**3 + 3*f**2 - 54*f. List the prime factors of t(3).
2, 7
Let b(r) = -r**2 + 5*r. Let w be b(4). Suppose w*d + 20 = 5*p + 8*d, 0 = -p + d - 5. Suppose p*k - 28 = -4*k. List the prime factors of k.
7
Suppose 4*h - 2*k = 3*k + 90, -5*k - 50 = -2*h. List the prime factors of h.
2, 5
Let v = -18 + 12. What are the prime factors of (v/9)/((-6)/99)?
11
Let f(p) = 2*p - 13. Let g(h) = h - 6. Let d(u) = 2*f(u) - 5*g(u). Let k be d(3). Let o = k - -7. List the prime factors of o.
2
Let c(j) = 4*j**2 - 4*j. What are the prime factors of c(4)?
2, 3
Suppose -2*v + 2*a + 212 = 0, a + 545 = 5*v - a. What are the prime factors of v?
3, 37
What are the prime factors of (4/3)/(12/450)?
2, 5
Let z = -16 + 10. Let b = z + -27. Let h = b + 53. What are the prime factors of h?
2, 5
Let l = 5 - -33. List the prime factors of l.
2, 19
Let s(k) = k**3 - 10*k**2 - 5*k - 3. List the prime factors of s(11).
3, 7
Suppose -3*t + 22 = -t. Suppose -w = -1 - t. What are the prime factors of w?
2, 3
Let j(q) = q**2 + q. Let s be j(-2). Suppose -3*v = 2*y - 27, s*y - y + 2*v - 11 = 0. List the prime factors of y.
3, 7
Let q(u) = 2*u**2 - 26*u - 3. What are the prime factors of q(19)?
3, 5
What are the prime factors of (-12)/(-36) - ((-56)/3 + 2)?
17
What are the prime factors of 33/(-1)*30/(-45)?
2, 11
Let j(s) = -s**2 + 8*s + 17. List the prime factors of j(9).
2
Let q = 13 + -11. Let r be (-30)/(-7) + (-2)/7. Suppose r*p - 14 = -q*w, -p + 4 = w + 1. List the prime factors of p.
2
Suppose 0 = -8*l + 2416 + 600. List the prime factors of l.
13, 29
Let u(i) = -i**2 + 2*i + 2*i**2 - 3*i. What are the prime factors of u(2)?
2
Let o(h) = 5*h + 2. Let v be o(3). Let d = v - -17. Let i = d - 19. List the prime factors of i.
3, 5
Let f = -692 + 986. List the prime factors of f.
2, 3, 7
List the prime factors of 944/12 - (-2)/6.
79
Suppose 1 = -o - q, -4*q - 8 = 5*o - 2*o. Let a = -6 + o. Let m = a - -7. List the prime factors of m.
5
Suppose -21*a + 25*a - 600 = 0. List the prime factors of a.
2, 3, 5
Let i(d) = -7*d**2 - 7*d. Let u(a) = -13*a**2 - 13*a. Let o(t) = 11*i(t) - 6*u(t). Let b be o(-1). Let m = 4 - b. List the prime factors of m.
2
Let n(k) = -6*k. List the prime factors of n(-2).
2, 3
Let a = -4 - -6. Let c be (-1 + 2)*(8 - 5). Suppose -c*v = a*v - 55. What are the prime factors of v?
11
Let b = 27 + -39. Let k(c) = -2*c**2 + 10*c + 3. Let n be k(7). Let a = b - n. What are the prime factors of a?
13
Suppose 2*j = -2*k + 392, 859 = 4*k - 3*j + 68. Let m = -140 + k. What are the prime factors of m?
3, 19
Let r(a) be the second derivative of -a**4/12 - a**3/6 + 19*a**2/2 + 2*a. Let o be r(0). Suppose 4*b = 4*q + 63 - o, -12 = 3*q. What are the prime factors of b?
7
Let b(n) = -1 + 2 + n**2 + 2 - n - n. Let o be b(3). What are the prime factors of (-2)/(-3)*99/o?
11
Let u(m) = m**3 - 9*m**2 - m + 12. Let i be u(9). Let q = i - 1. Suppose 3*a - 2 = 10, -4*a - q = -2*g. List the prime factors of g.
3
Suppose -4*q + 575 - 67 = 0. Suppose -5*m - 5 = 0, -p - 5*m + q = 3*p. What are the prime factors of p?
3, 11
Suppose -18*p - 839 + 3161 = 0. List the prime factors of p.
3, 43
Suppose 2*z + 4 = 8. Suppose -4*y + f = -z*y - 41, 0 = -3*y + f + 61. List the prime factors of y.
2, 5
Let v be (-4)/(-10) - (-34)/(-10). Let i = 1 - v. Suppose -61 = -i*c - 5. What are the prime factors of c?
2, 7
Let w(p) be the first derivative of p**2/2 - p + 1. Let n be w(2). Suppose -n - 1 = i + 4*r, 8 = -4*r. What are the prime factors of i?
2, 3
Let i = -7 - -13. What are the prime factors of (-12)/8*(2 - i)?
2, 3
Let j(p) = 5*p**3 + 6*p**2 - 4*p - 3. Let x(v) = v**3 - v**2 + v. Let m(c) = -j(c) + 4*x(c). What are the prime factors of m(-11)?
2, 3
Let d = -22 + 35. List the prime factors of d.
13
Suppose 0 = -s - 5, k = -0*s + 2*s + 5. Let i(d) = -d**2 - 7*d - 1. What are the prime factors of i(k)?
3
Suppose -6 = -3*w + 6. Suppose 3*c - 61 = -w. List the prime factors of c.
19
Suppose 41*k = 43*k - 170. List the prime factors of k.
5, 17
Suppose 2*l + 5*j + 0*j = 31, 0 = -4*l + 3*j + 101. What are the prime factors of l?
23
Let i be (-4)/(-8) - (-273)/6. Suppose 3*d + 0*f - f = 40, 3*d = -2*f + i. Lis